{"id":1693,"date":"2013-11-28T16:07:14","date_gmt":"2013-11-28T16:07:14","guid":{"rendered":"http:\/\/www.ramicar.com\/?page_id=1693"},"modified":"2018-07-06T12:16:06","modified_gmt":"2018-07-06T12:16:06","slug":"contacter-agence-location-voiture-tanger","status":"publish","type":"page","link":"https:\/\/www.ramicar.com\/location-voiture-Tanger\/contacter-agence-location-voiture-tanger\/","title":{"rendered":"Contact"},"content":{"rendered":"<div class=\"tf-flash-messages\"><\/div>\n<div class=\"col col_1_2 \">\n<div class=\"inner\">\n<div>\n<div class=\"name\"><span id=\"contact-titre\">Rami Car Tanger<\/span><\/div>\n<div id=\"contact-info\">\n<div class=\"address\">41, Av. Mohamed V, R\u00e9s. Al Waha 4\u00e8me \u00e9tage, N\u00b0 8 &#8211; Tanger<\/div>\n<div class=\"row mail\"><em>Email:<\/em> <a style=\"outline: none;\" href=\"mailto:contact@ramicar.com\">contact@ramicar.com<\/a><\/div>\n<div class=\"row phone\"><em>GSM:<\/em> <span>+212 6 62 46 71 77<\/span><\/div>\n<div class=\"row fax\"><em>T\u00e9l\/Fax:<\/em> <span>+212 5 39 32 07 01<\/span><\/div>\n<\/div>\n<\/div>\n<\/div>\n<\/div>\n<div class=\"col col_1_2 \">\n<div class=\"inner\">\n<div>\n<div class=\"name\"><span id=\"contact-titre\">Rami Car Larache<\/span><\/div>\n<div id=\"contact-info\">\n<div class=\"address\">41, Av. Mohamed V, R\u00e9s. Al Waha 4\u00e8me \u00e9tage, N\u00b0 8 &#8211; Larache<\/div>\n<div class=\"row mail\"><em>Email:<\/em> <a style=\"outline: none;\" href=\"mailto:contact@ramicar.com\">contact@ramicar.com<\/a><\/div>\n<div class=\"row phone\"><em>GSM:<\/em> <span>+212 6 62 46 71 77<\/span><\/div>\n<div class=\"row fax\"><em>T\u00e9l\/Fax:<\/em> <span>+212 5 39 32 07 01<\/span><\/div>\n<\/div>\n<\/div>\n<\/div>\n<\/div>\n","protected":false},"excerpt":{"rendered":"","protected":false},"author":1,"featured_media":0,"parent":0,"menu_order":0,"comment_status":"open","ping_status":"open","template":"","meta":[],"_links":{"self":[{"href":"https:\/\/www.ramicar.com\/location-voiture-Tanger\/wp-json\/wp\/v2\/pages\/1693"}],"collection":[{"href":"https:\/\/www.ramicar.com\/location-voiture-Tanger\/wp-json\/wp\/v2\/pages"}],"about":[{"href":"https:\/\/www.ramicar.com\/location-voiture-Tanger\/wp-json\/wp\/v2\/types\/page"}],"author":[{"embeddable":true,"href":"https:\/\/www.ramicar.com\/location-voiture-Tanger\/wp-json\/wp\/v2\/users\/1"}],"replies":[{"embeddable":true,"href":"https:\/\/www.ramicar.com\/location-voiture-Tanger\/wp-json\/wp\/v2\/comments?post=1693"}],"version-history":[{"count":5,"href":"https:\/\/www.ramicar.com\/location-voiture-Tanger\/wp-json\/wp\/v2\/pages\/1693\/revisions"}],"predecessor-version":[{"id":1991,"href":"https:\/\/www.ramicar.com\/location-voiture-Tanger\/wp-json\/wp\/v2\/pages\/1693\/revisions\/1991"}],"wp:attachment":[{"href":"https:\/\/www.ramicar.com\/location-voiture-Tanger\/wp-json\/wp\/v2\/media?parent=1693"}],"curies":[{"name":"wp","href":"https:\/\/api.w.org\/{rel}","templated":true}]}}