{"id":1964,"date":"2013-12-23T17:02:26","date_gmt":"2013-12-23T17:02:26","guid":{"rendered":"http:\/\/www.ramicar.com\/?page_id=1964"},"modified":"2017-11-09T11:45:20","modified_gmt":"2017-11-09T11:45:20","slug":"reservation","status":"publish","type":"page","link":"https:\/\/www.ramicar.com\/location-voiture-Tanger\/reservation\/","title":{"rendered":"R\u00e9servation"},"content":{"rendered":"<div class=\"tf-flash-messages\"><\/div>\n<div class=\"contact-form\">\n<p id=\"reserv\" id=\"header_message\">\n<p>Veuillez remplir le formulaire de r\u00e9servation ci-dessous<\/p>\n<p>La dur\u00e9e de d\u00e9tention du permis minimale requise pour louer une voiture est de 2 ans.<\/p>\n<\/p>\n<div id=\"form_messages\" class=\"submit_message\" ><\/div>\n<form id=\"reservationForm\" action=\"\" method=\"post\" class=\"reservationForm\" name=\"reservationForm\"><input id=\"this_form_id\" type=\"hidden\" value=\"171\" \/><\/p>\n<div class=\"form_col_1\">\n<div class='row field_select alignleft  omega ' style='width:238px;  '>\n<p>                <label class='label_title' for='autotrader_civilit'>Civilit\u00e9<\/label><\/p>\n<p>                <select style='width:211px !important;' class='select_styled tfuse_option' name='autotrader_civilit' id='autotrader_civilit'><option value='Mr'>Mr<\/option><option value='Mme'>Mme<\/option><option value='Mlle'>Mlle<\/option><\/select><\/div>\n<div class='row alignleft field_text  omega ' style='width:238px;  '>\n<p>            <label class='label_title'>Pr\u00e9nom (*)<\/label><\/p>\n<p>            <input type='text' style='width:216px;' class='inputtext tf_rf_required_input ' name='autotrader_prnom' value='' \/><\/p><\/div>\n<div class='row alignleft field_text  omega ' style='width:238px;  '>\n<p>            <label class='label_title'>Nom (*)<\/label><\/p>\n<p>            <input type='text' style='width:216px;' class='inputtext tf_rf_required_input ' name='autotrader_nom' value='' \/><\/p><\/div>\n<div class='row alignleft field_text  omega ' style='width:238px;  '>\n<p>            <label class='label_title'>\u00c2ge de conducteur (*)<\/label><\/p>\n<p>            <input type='text' style='width:216px;' class='inputtext tf_rf_required_input ' name='autotrader_gedeconducteur' value='' \/><\/p><\/div>\n<div class='row alignleft field_text  omega ' style='width:238px;  '>\n<p>            <label class='label_title'>Entreprise<\/label><\/p>\n<p>            <input type='text' style='width:216px;' class='inputtext' name='autotrader_entreprise' value='' \/><\/p><\/div>\n<div class='row alignleft field_text  omega ' style='width:238px;  '>\n<p>            <label class='label_title'>T\u00e9l. (*)<\/label><\/p>\n<p>            <input type='text' style='width:216px;' class='inputtext tf_rf_required_input ' name='autotrader_tl' value='' \/><\/p><\/div>\n<div class='row alignleft field_text  omega ' style='width:238px;  '>\n<p>            <label class='label_title'>Email<\/label><\/p>\n<p>            <input type='text' style='width:216px;' class='inputtext autotrader_email' name='autotrader_email' value='' \/><\/p><\/div>\n<div class='row input_styled alignleft checklist  omega ' style='width:237px; '>\n<div class='rowCheckbox'><input class='' style='width:15px; float:left;' type='checkbox' name='autotrader_gps' id='autotrader_gps' value='GPS'\/><\/div>\n<p>                <label class='labelchecked label_title' for='autotrader_gps'>GPS<\/label><\/p><\/div>\n<div class='row input_styled alignleft checklist  ' style='width:237px; '>\n<div class='rowCheckbox'><input class='' style='width:15px; float:left;' type='checkbox' name='autotrader_sigebb' id='autotrader_sigebb' value='Si%C3%A8ge+b%C3%A9b%C3%A9'\/><\/div>\n<p>                <label class='labelchecked label_title' for='autotrader_sigebb'>Si\u00e8ge b\u00e9b\u00e9<\/label><\/p><\/div>\n<\/div>\n<div class=\"form_col_2\">\n<div class='row field_select alignleft  omega ' style='width:238px; clear:left;'>\n<p>                <label class='label_title' for='autotrader_voiture'>Voiture<\/label><\/p>\n<p>                <select style='width:211px !important;' class='select_styled tfuse_option' name='autotrader_voiture' id='autotrader_voiture'><option value='Renault Clio 4'>Renault Clio 4<\/option><option value='BMW X6'>BMW X6<\/option><option value='Hyundai i10'>Hyundai i10<\/option><option value='Nissan Qashqai'>Nissan Qashqai<\/option><option value='Dacia Dokker'>Dacia Dokker<\/option><option value='Volkswagen Polo'>Volkswagen Polo<\/option><option value='Dacia Logan'>Dacia Logan<\/option><option value='Hyundai i30'>Hyundai i30<\/option><option value='Renault Clio 3'>Renault Clio 3<\/option><option value='Renault Symbol'>Renault Symbol<\/option><option value='Chevrolet Captiva'>Chevrolet Captiva<\/option><option value='Renault Clio Campus'>Renault Clio Campus<\/option><option value='Peugeot 301'>Peugeot 301<\/option><option value='Peugeot 508'>Peugeot 508<\/option><option value='Peugeot 206+'>Peugeot 206+<\/option><\/select><\/div>\n<div class='row field_select alignleft  omega ' style='width:238px;  '>\n<p>                <label class='label_title' for='autotrader_villededpart'>Ville de d\u00e9part<\/label><\/p>\n<p>                <select style='width:211px !important;' class='select_styled tfuse_option' name='autotrader_villededpart' id='autotrader_villededpart'><option value='Tanger'>Tanger<\/option><option value='Larache'>Larache<\/option><option value='F\u00e8s'>F\u00e8s<\/option><option value='Rabat'>Rabat<\/option><option value='Casablanca'>Casablanca<\/option><option value='Marrakech'>Marrakech<\/option><\/select><\/div>\n<div class='row field_select alignleft  omega ' style='width:238px;  '>\n<p>                <label class='label_title' for='autotrader_villederetour'>Ville de retour<\/label><\/p>\n<p>                <select style='width:211px !important;' class='select_styled tfuse_option' name='autotrader_villederetour' id='autotrader_villederetour'><option value='Tanger'>Tanger<\/option><option value='Larache'>Larache<\/option><option value='F\u00e8s'>F\u00e8s<\/option><option value='Rabat'>Rabat<\/option><option value='Casablanca'>Casablanca<\/option><option value='Marrakech'>Marrakech<\/option><\/select><\/div>\n<div class='row alignleft field_text  omega ' style='width:238px;  '>\n<p>        <label class='label_title'>Date de d\u00e9part<\/label><\/p>\n<p>        <input style='width:196px;' type='text' class='inputtext tfuse_rf_post_datepicker_in tf_rf_required_input ' name='autotrader_datededpart' \/><\/div>\n<div class='row alignleft field_text  omega ' style='width:238px;  '>\n<p>        <label class='label_title'>Date de retour<\/label><\/p>\n<p>        <input style='width:196px;' type='text' class='inputtext tfuse_rf_post_datepicker_out tf_rf_required_input ' name='autotrader_datederetour' \/><\/div>\n<div class='row field_textarea field_text infieldlabel' style='width:237px;  '>\n<p>        <label class='label_title'>Message<\/label><\/p>\n<p>        <textarea style='width:216px;' class='textareaField textarea' name='autotrader_message' rows='10' value=''><\/textarea><\/p><\/div>\n<div class='row field_text captcha ' style='  ;display:inline-table'>\n<p>            <label class='label_title' for='autotrader_codedescurit'>Code de s\u00e9curit\u00e9 (*)<\/label><\/p>\n<p>            <img  src='https:\/\/www.ramicar.com\/wp-content\/themes\/autotrader-parent\/framework\/extensions\/contactform\/library\/captcha_gen.php?form_id=autotrader_codedescurit&#038;ver=2' class='tfuse_captcha_img' style='float:left' ><\/p>\n<p>            <input type='button' class='tfuse_captcha_reload' style='width:30%;float:left;margin-left:10px' \/><\/p>\n<p>            <input style='width:216px;' id='captcha' type='text' class='inputtext tfuse_captcha_input' name='autotrader_codedescurit' \/><\/p><\/div>\n<\/div>\n<div class=\"form_col_3\">\n<p>            <a onclick=\"resetFields(this,event)\" href=\"#\" class=\"link-reset\">Annuler<\/a><\/p>\n<p>            <a href=\"#\" id=\"sending\" class=\"btn btn-submit btn2\" style=\"display: none;\"><span>Sending &#8230;<\/span><\/a><\/p>\n<div class=\"row rowSubmit clearfix\">\n<p>                <input type=\"submit\" id=\"send_form\" class=\"btn btn-submit\" name=\"submit\" title=\"Submit mesage\" value=\"Valider\" \/><\/p><\/div>\n<\/p><\/div>\n<\/form>\n<\/div>\n<div class=\"clear\"><\/div>\n","protected":false},"excerpt":{"rendered":"","protected":false},"author":1,"featured_media":0,"parent":0,"menu_order":0,"comment_status":"closed","ping_status":"open","template":"template-box.php","meta":[],"_links":{"self":[{"href":"https:\/\/www.ramicar.com\/location-voiture-Tanger\/wp-json\/wp\/v2\/pages\/1964"}],"collection":[{"href":"https:\/\/www.ramicar.com\/location-voiture-Tanger\/wp-json\/wp\/v2\/pages"}],"about":[{"href":"https:\/\/www.ramicar.com\/location-voiture-Tanger\/wp-json\/wp\/v2\/types\/page"}],"author":[{"embeddable":true,"href":"https:\/\/www.ramicar.com\/location-voiture-Tanger\/wp-json\/wp\/v2\/users\/1"}],"replies":[{"embeddable":true,"href":"https:\/\/www.ramicar.com\/location-voiture-Tanger\/wp-json\/wp\/v2\/comments?post=1964"}],"version-history":[{"count":1,"href":"https:\/\/www.ramicar.com\/location-voiture-Tanger\/wp-json\/wp\/v2\/pages\/1964\/revisions"}],"predecessor-version":[{"id":1965,"href":"https:\/\/www.ramicar.com\/location-voiture-Tanger\/wp-json\/wp\/v2\/pages\/1964\/revisions\/1965"}],"wp:attachment":[{"href":"https:\/\/www.ramicar.com\/location-voiture-Tanger\/wp-json\/wp\/v2\/media?parent=1964"}],"curies":[{"name":"wp","href":"https:\/\/api.w.org\/{rel}","templated":true}]}}