{"id":496,"date":"2013-05-23T13:22:31","date_gmt":"2013-05-23T13:22:31","guid":{"rendered":"http:\/\/localhost\/whb\/?page_id=496"},"modified":"2018-07-06T14:03:21","modified_gmt":"2018-07-06T14:03:21","slug":"a-propos-location-voiture-a-tanger","status":"publish","type":"page","link":"https:\/\/www.ramicar.com\/location-voiture-Tanger\/a-propos-location-voiture-a-tanger\/","title":{"rendered":"location de voiture \u00e0 Tanger &#8211; \u00c0 propos de nous"},"content":{"rendered":"<div class=\"tf-flash-messages\"><\/div>\n<div class=\"su-box su-box-style-default\" style=\"border-color:#292929;border-radius:3px\">\n<div class=\"su-box-title\" style=\"background-color:#333333;color:#FFFFFF;border-top-left-radius:1px;border-top-right-radius:1px\">\u00c0 propos de nous<\/div>\n<div class=\"su-box-content su-clearfix\" style=\"border-bottom-left-radius:1px;border-bottom-right-radius:1px\">\n <p style=\"margin-top: 20px;\">Rami Car est une agence de location de voiture \u00e0 Tanger. Notre but est de founrir \u00e0 nos clients une voiture qui correspond \u00e0 ces besoins dans les meilleurs d\u00e9lais et sans complications. C&#8217;est pour cela que nous mettons \u00e0 votre disposition une large gamme de voitures allant de la citadine \u00e0 tout-terrain. Nous vous garantissons \u00e9galement un excellent prix pour toutes nos voitures.<\/p>\r\nEn plus de la location des voitures, nous fournissons \u00e0 nos clients plusieurs services pour leur faciliter la location et la r\u00e9cup\u00e9ration de leurs voitures. Si vous arrivez sur Tanger par avion ou par b\u00e2teau, nous vous ferons \u00e9conomiser du temps et nous vous livrons votre voiture au port ou \u00e0 l&#8217;a\u00e9roport, il suffit de nous confirmer l&#8217;heure de votre arriv\u00e9e et un repr\u00e9sentant vous y attendra avec votre voiture et tous vos documents \u00e0 remplis sur place.\r\n\r\nNotre flexibilit\u00e9 nous permet de vous fournir \u00e9galement une formule sur mesure, contactez-nous et parlez-nous de vos besoins, nous vous r\u00e9pondrons dans les plus brefs d\u00e9lais avec tous les d\u00e9tails n\u00e9cessaires.\r\n\r\nAdressez-vous au professionnels du domaine et louez votre voiture en toute tranquilit\u00e9. Contactez Rami Car d\u00e8s maintenant et r\u00e9server votre voiture.\r\n\r\n<\/div>\n<\/div>\n","protected":false},"excerpt":{"rendered":"","protected":false},"author":1,"featured_media":0,"parent":0,"menu_order":0,"comment_status":"open","ping_status":"open","template":"","meta":[],"_links":{"self":[{"href":"https:\/\/www.ramicar.com\/location-voiture-Tanger\/wp-json\/wp\/v2\/pages\/496"}],"collection":[{"href":"https:\/\/www.ramicar.com\/location-voiture-Tanger\/wp-json\/wp\/v2\/pages"}],"about":[{"href":"https:\/\/www.ramicar.com\/location-voiture-Tanger\/wp-json\/wp\/v2\/types\/page"}],"author":[{"embeddable":true,"href":"https:\/\/www.ramicar.com\/location-voiture-Tanger\/wp-json\/wp\/v2\/users\/1"}],"replies":[{"embeddable":true,"href":"https:\/\/www.ramicar.com\/location-voiture-Tanger\/wp-json\/wp\/v2\/comments?post=496"}],"version-history":[{"count":10,"href":"https:\/\/www.ramicar.com\/location-voiture-Tanger\/wp-json\/wp\/v2\/pages\/496\/revisions"}],"predecessor-version":[{"id":3202,"href":"https:\/\/www.ramicar.com\/location-voiture-Tanger\/wp-json\/wp\/v2\/pages\/496\/revisions\/3202"}],"wp:attachment":[{"href":"https:\/\/www.ramicar.com\/location-voiture-Tanger\/wp-json\/wp\/v2\/media?parent=496"}],"curies":[{"name":"wp","href":"https:\/\/api.w.org\/{rel}","templated":true}]}}